{"id":1865,"date":"2023-08-16T10:18:00","date_gmt":"2023-08-16T08:18:00","guid":{"rendered":"http:\/\/xedhqzi.cluster100.hosting.ovh.net\/?page_id=1865"},"modified":"2023-08-17T14:10:58","modified_gmt":"2023-08-17T12:10:58","slug":"qui-sommes-nous","status":"publish","type":"page","link":"https:\/\/www.vert-intense.com\/fr\/qui-sommes-nous\/","title":{"rendered":"Qui sommes nous ?"},"content":{"rendered":"\n<p>Vert intense a \u00e9t\u00e9 cr\u00e9e en 1996 par Laurence et Eric, tous deux passionn\u00e9s de sports de montagne. Depuis sa cr\u00e9ation, Vert-Intense propose de d\u00e9couvrir l&#8217;archipel de la Guadeloupe en pratiquant les activit\u00e9s de pleine nature. Tr\u00e8s rapidement d&#8217;autres accompagnateurs en montagne les ont rejoint dans cette aventure, Teddy, Xavier&nbsp;pr\u00e9sents depuis les d\u00e9but sont aujourd\u2019hui les piliers de l&#8217;entreprise.<\/p>\n\n\n\n<p>Pour r\u00e9pondre \u00e0 une demande de plus en plus en plus forte, Vert-intense est devenu&nbsp; en 2006 une agence r\u00e9ceptive sp\u00e9cialis\u00e9e dans les s\u00e9jours sport et nature dans les iles de Guadeloupe.<\/p>\n\n\n\n<p>Enfin, en 2009, Vert-Intense \u00e0 cr\u00e9e un h\u00e9bergement correspondant \u00e0 l&#8217;attente d&#8217;une client\u00e8le nature. Les Bananes Vertes vous accueillent sur la commune de Saint-Claude aux portes du Parc National de la Guadeloupe, juste sous la soufri\u00e8re. C&#8217;est le lieux de d\u00e9part id\u00e9al pour les activit\u00e9s de pleine nature.<\/p>\n\n\n\n<p>Fort de notre exp\u00e9rience, de notre connaissance et du terrain, en plus des activit\u00e9s que nous encadrons, nous avons fait une s\u00e9lection de quelques partenaires passionn\u00e9s par leur profession. Chacun dans leur domaine, ils sont&nbsp;heureux de vous accueillir et de vous faire partager leur amour pour la Guadeloupe.<\/p>\n\n\n\n<p>Nous vous invitons \u00e0 concevoir votre s\u00e9jour aventure et nature sur mesure. Que vous soyez seul ou en groupe, randonneur occasionnel ou sportif aguerris vous trouvez dans les pages de notre site internet tous les \u00e9l\u00e9ments pour construire votre voyage, \u00e0 votre mesure.<\/p>\n\n\n\n<p>N\u2019h\u00e9sitez pas \u00e0 nous consulter, nous sommes \u00e0 votre disposition.<\/p>\n\n\n\n<p>L&#8217;\u00e9quipe Vert-intense.<\/p>\n","protected":false},"excerpt":{"rendered":"<p>Vert intense a \u00e9t\u00e9 cr\u00e9e en 1996 par Laurence et Eric, tous deux passionn\u00e9s de sports de montagne. Depuis sa cr\u00e9ation, Vert-Intense propose de d\u00e9couvrir l&#8217;archipel de la Guadeloupe en pratiquant les activit\u00e9s de pleine nature. Tr\u00e8s rapidement d&#8217;autres accompagnateurs en montagne les ont rejoint dans cette aventure, Teddy, Xavier&nbsp;pr\u00e9sents depuis les d\u00e9but sont aujourd\u2019hui [&hellip;]<\/p>\n","protected":false},"author":1,"featured_media":0,"parent":0,"menu_order":0,"comment_status":"closed","ping_status":"closed","template":"","meta":{"footnotes":""},"class_list":["post-1865","page","type-page","status-publish","hentry"],"yoast_head":"<!-- This site is optimized with the Yoast SEO Premium plugin v25.3.1 (Yoast SEO v25.3.1) - https:\/\/yoast.com\/wordpress\/plugins\/seo\/ -->\n<title>Qui sommes nous ? - Vert Intense<\/title>\n<meta name=\"robots\" content=\"index, follow, max-snippet:-1, max-image-preview:large, max-video-preview:-1\" \/>\n<link rel=\"canonical\" href=\"https:\/\/www.vert-intense.com\/fr\/qui-sommes-nous\/\" \/>\n<meta property=\"og:locale\" content=\"fr_FR\" \/>\n<meta property=\"og:type\" content=\"article\" \/>\n<meta property=\"og:title\" content=\"Qui sommes nous ?\" \/>\n<meta property=\"og:description\" content=\"Vert intense a \u00e9t\u00e9 cr\u00e9e en 1996 par Laurence et Eric, tous deux passionn\u00e9s de sports de montagne. Depuis sa cr\u00e9ation, Vert-Intense propose de d\u00e9couvrir l&#8217;archipel de la Guadeloupe en pratiquant les activit\u00e9s de pleine nature. Tr\u00e8s rapidement d&#8217;autres accompagnateurs en montagne les ont rejoint dans cette aventure, Teddy, Xavier&nbsp;pr\u00e9sents depuis les d\u00e9but sont aujourd\u2019hui [&hellip;]\" \/>\n<meta property=\"og:url\" content=\"https:\/\/www.vert-intense.com\/fr\/qui-sommes-nous\/\" \/>\n<meta property=\"og:site_name\" content=\"Vert Intense\" \/>\n<meta property=\"article:publisher\" content=\"https:\/\/www.facebook.com\/vertintense\" \/>\n<meta property=\"article:modified_time\" content=\"2023-08-17T12:10:58+00:00\" \/>\n<meta property=\"og:image\" content=\"https:\/\/i0.wp.com\/www.vert-intense.com\/wp-content\/uploads\/2024\/07\/home.png?fit=1358%2C735&ssl=1\" \/>\n\t<meta property=\"og:image:width\" content=\"1358\" \/>\n\t<meta property=\"og:image:height\" content=\"735\" \/>\n\t<meta property=\"og:image:type\" content=\"image\/png\" \/>\n<meta name=\"twitter:card\" content=\"summary_large_image\" \/>\n<meta name=\"twitter:label1\" content=\"Dur\u00e9e de lecture estim\u00e9e\" \/>\n\t<meta name=\"twitter:data1\" content=\"1 minute\" \/>\n<script type=\"application\/ld+json\" class=\"yoast-schema-graph\">{\"@context\":\"https:\/\/schema.org\",\"@graph\":[{\"@type\":\"WebPage\",\"@id\":\"https:\/\/www.vert-intense.com\/qui-sommes-nous\/\",\"url\":\"https:\/\/www.vert-intense.com\/qui-sommes-nous\/\",\"name\":\"Qui sommes nous ? - Vert Intense\",\"isPartOf\":{\"@id\":\"https:\/\/www.vert-intense.com\/#website\"},\"datePublished\":\"2023-08-16T08:18:00+00:00\",\"dateModified\":\"2023-08-17T12:10:58+00:00\",\"breadcrumb\":{\"@id\":\"https:\/\/www.vert-intense.com\/qui-sommes-nous\/#breadcrumb\"},\"inLanguage\":\"fr-FR\",\"potentialAction\":[{\"@type\":\"ReadAction\",\"target\":[\"https:\/\/www.vert-intense.com\/qui-sommes-nous\/\"]}]},{\"@type\":\"BreadcrumbList\",\"@id\":\"https:\/\/www.vert-intense.com\/qui-sommes-nous\/#breadcrumb\",\"itemListElement\":[{\"@type\":\"ListItem\",\"position\":1,\"name\":\"Accueil\",\"item\":\"https:\/\/www.vert-intense.com\/\"},{\"@type\":\"ListItem\",\"position\":2,\"name\":\"Qui sommes nous ?\"}]},{\"@type\":\"WebSite\",\"@id\":\"https:\/\/www.vert-intense.com\/#website\",\"url\":\"https:\/\/www.vert-intense.com\/\",\"name\":\"Vert-Intense\",\"description\":\"R\u00e9servez vos activit\u00e9s d\u00e9couvertes en Guadeloupe\",\"publisher\":{\"@id\":\"https:\/\/www.vert-intense.com\/#organization\"},\"potentialAction\":[{\"@type\":\"SearchAction\",\"target\":{\"@type\":\"EntryPoint\",\"urlTemplate\":\"https:\/\/www.vert-intense.com\/?s={search_term_string}\"},\"query-input\":{\"@type\":\"PropertyValueSpecification\",\"valueRequired\":true,\"valueName\":\"search_term_string\"}}],\"inLanguage\":\"fr-FR\"},{\"@type\":\"Organization\",\"@id\":\"https:\/\/www.vert-intense.com\/#organization\",\"name\":\"Vert-Intense\",\"url\":\"https:\/\/www.vert-intense.com\/\",\"logo\":{\"@type\":\"ImageObject\",\"inLanguage\":\"fr-FR\",\"@id\":\"https:\/\/www.vert-intense.com\/#\/schema\/logo\/image\/\",\"url\":\"https:\/\/i0.wp.com\/www.vert-intense.com\/wp-content\/uploads\/2023\/07\/logo.png?fit=960%2C960&ssl=1\",\"contentUrl\":\"https:\/\/i0.wp.com\/www.vert-intense.com\/wp-content\/uploads\/2023\/07\/logo.png?fit=960%2C960&ssl=1\",\"width\":960,\"height\":960,\"caption\":\"Vert-Intense\"},\"image\":{\"@id\":\"https:\/\/www.vert-intense.com\/#\/schema\/logo\/image\/\"},\"sameAs\":[\"https:\/\/www.facebook.com\/vertintense\",\"https:\/\/www.tripadvisor.fr\/Attraction_Review-g1644623-d1649481-Reviews-Vert_Intense-Saint_Claude_Basse_Terre_Island_Guadeloupe.html\",\"https:\/\/www.tiktok.com\/@vertintense\",\"https:\/\/www.instagram.com\/vertintenseguadeloupe\/\",\"https:\/\/www.youtube.com\/channel\/UCRymXR1Pa7n50AOgFy9n3bA\"]}]}<\/script>\n<!-- \/ Yoast SEO Premium plugin. -->","yoast_head_json":{"title":"Qui sommes nous ? - Vert Intense","robots":{"index":"index","follow":"follow","max-snippet":"max-snippet:-1","max-image-preview":"max-image-preview:large","max-video-preview":"max-video-preview:-1"},"canonical":"https:\/\/www.vert-intense.com\/fr\/qui-sommes-nous\/","og_locale":"fr_FR","og_type":"article","og_title":"Qui sommes nous ?","og_description":"Vert intense a \u00e9t\u00e9 cr\u00e9e en 1996 par Laurence et Eric, tous deux passionn\u00e9s de sports de montagne. Depuis sa cr\u00e9ation, Vert-Intense propose de d\u00e9couvrir l&#8217;archipel de la Guadeloupe en pratiquant les activit\u00e9s de pleine nature. Tr\u00e8s rapidement d&#8217;autres accompagnateurs en montagne les ont rejoint dans cette aventure, Teddy, Xavier&nbsp;pr\u00e9sents depuis les d\u00e9but sont aujourd\u2019hui [&hellip;]","og_url":"https:\/\/www.vert-intense.com\/fr\/qui-sommes-nous\/","og_site_name":"Vert Intense","article_publisher":"https:\/\/www.facebook.com\/vertintense","article_modified_time":"2023-08-17T12:10:58+00:00","og_image":[{"width":1358,"height":735,"url":"https:\/\/i0.wp.com\/www.vert-intense.com\/wp-content\/uploads\/2024\/07\/home.png?fit=1358%2C735&ssl=1","type":"image\/png"}],"twitter_card":"summary_large_image","twitter_misc":{"Dur\u00e9e de lecture estim\u00e9e":"1 minute"},"schema":{"@context":"https:\/\/schema.org","@graph":[{"@type":"WebPage","@id":"https:\/\/www.vert-intense.com\/qui-sommes-nous\/","url":"https:\/\/www.vert-intense.com\/qui-sommes-nous\/","name":"Qui sommes nous ? - Vert Intense","isPartOf":{"@id":"https:\/\/www.vert-intense.com\/#website"},"datePublished":"2023-08-16T08:18:00+00:00","dateModified":"2023-08-17T12:10:58+00:00","breadcrumb":{"@id":"https:\/\/www.vert-intense.com\/qui-sommes-nous\/#breadcrumb"},"inLanguage":"fr-FR","potentialAction":[{"@type":"ReadAction","target":["https:\/\/www.vert-intense.com\/qui-sommes-nous\/"]}]},{"@type":"BreadcrumbList","@id":"https:\/\/www.vert-intense.com\/qui-sommes-nous\/#breadcrumb","itemListElement":[{"@type":"ListItem","position":1,"name":"Accueil","item":"https:\/\/www.vert-intense.com\/"},{"@type":"ListItem","position":2,"name":"Qui sommes nous ?"}]},{"@type":"WebSite","@id":"https:\/\/www.vert-intense.com\/#website","url":"https:\/\/www.vert-intense.com\/","name":"Vert-Intense","description":"R\u00e9servez vos activit\u00e9s d\u00e9couvertes en Guadeloupe","publisher":{"@id":"https:\/\/www.vert-intense.com\/#organization"},"potentialAction":[{"@type":"SearchAction","target":{"@type":"EntryPoint","urlTemplate":"https:\/\/www.vert-intense.com\/?s={search_term_string}"},"query-input":{"@type":"PropertyValueSpecification","valueRequired":true,"valueName":"search_term_string"}}],"inLanguage":"fr-FR"},{"@type":"Organization","@id":"https:\/\/www.vert-intense.com\/#organization","name":"Vert-Intense","url":"https:\/\/www.vert-intense.com\/","logo":{"@type":"ImageObject","inLanguage":"fr-FR","@id":"https:\/\/www.vert-intense.com\/#\/schema\/logo\/image\/","url":"https:\/\/i0.wp.com\/www.vert-intense.com\/wp-content\/uploads\/2023\/07\/logo.png?fit=960%2C960&ssl=1","contentUrl":"https:\/\/i0.wp.com\/www.vert-intense.com\/wp-content\/uploads\/2023\/07\/logo.png?fit=960%2C960&ssl=1","width":960,"height":960,"caption":"Vert-Intense"},"image":{"@id":"https:\/\/www.vert-intense.com\/#\/schema\/logo\/image\/"},"sameAs":["https:\/\/www.facebook.com\/vertintense","https:\/\/www.tripadvisor.fr\/Attraction_Review-g1644623-d1649481-Reviews-Vert_Intense-Saint_Claude_Basse_Terre_Island_Guadeloupe.html","https:\/\/www.tiktok.com\/@vertintense","https:\/\/www.instagram.com\/vertintenseguadeloupe\/","https:\/\/www.youtube.com\/channel\/UCRymXR1Pa7n50AOgFy9n3bA"]}]}},"jetpack_sharing_enabled":true,"_links":{"self":[{"href":"https:\/\/www.vert-intense.com\/fr\/wp-json\/wp\/v2\/pages\/1865"}],"collection":[{"href":"https:\/\/www.vert-intense.com\/fr\/wp-json\/wp\/v2\/pages"}],"about":[{"href":"https:\/\/www.vert-intense.com\/fr\/wp-json\/wp\/v2\/types\/page"}],"author":[{"embeddable":true,"href":"https:\/\/www.vert-intense.com\/fr\/wp-json\/wp\/v2\/users\/1"}],"replies":[{"embeddable":true,"href":"https:\/\/www.vert-intense.com\/fr\/wp-json\/wp\/v2\/comments?post=1865"}],"version-history":[{"count":2,"href":"https:\/\/www.vert-intense.com\/fr\/wp-json\/wp\/v2\/pages\/1865\/revisions"}],"predecessor-version":[{"id":1905,"href":"https:\/\/www.vert-intense.com\/fr\/wp-json\/wp\/v2\/pages\/1865\/revisions\/1905"}],"wp:attachment":[{"href":"https:\/\/www.vert-intense.com\/fr\/wp-json\/wp\/v2\/media?parent=1865"}],"curies":[{"name":"wp","href":"https:\/\/api.w.org\/{rel}","templated":true}]}}

<p>Vert intense a été crée en 1996 par Laurence et Eric, tous deux passionnés de sports de montagne. Depuis sa création, Vert-Intense propose de découvrir l&#8217;archipel de la Guadeloupe en pratiquant les activités de pleine nature. Très rapidement d&#8217;autres accompagnateurs en montagne les ont rejoint dans cette aventure, Teddy, Xavier&nbsp;présents depuis les début sont aujourd’hui les piliers de l&#8217;entreprise.</p>



<p>Pour répondre à une demande de plus en plus en plus forte, Vert-intense est devenu&nbsp; en 2006 une agence réceptive spécialisée dans les séjours sport et nature dans les iles de Guadeloupe.</p>



<p>Enfin, en 2009, Vert-Intense à crée un hébergement correspondant à l&#8217;attente d&#8217;une clientèle nature. Les Bananes Vertes vous accueillent sur la commune de Saint-Claude aux portes du Parc National de la Guadeloupe, juste sous la soufrière. C&#8217;est le lieux de départ idéal pour les activités de pleine nature.</p>



<p>Fort de notre expérience, de notre connaissance et du terrain, en plus des activités que nous encadrons, nous avons fait une sélection de quelques partenaires passionnés par leur profession. Chacun dans leur domaine, ils sont&nbsp;heureux de vous accueillir et de vous faire partager leur amour pour la Guadeloupe.</p>



<p>Nous vous invitons à concevoir votre séjour aventure et nature sur mesure. Que vous soyez seul ou en groupe, randonneur occasionnel ou sportif aguerris vous trouvez dans les pages de notre site internet tous les éléments pour construire votre voyage, à votre mesure.</p>



<p>N’hésitez pas à nous consulter, nous sommes à votre disposition.</p>



<p>L&#8217;équipe Vert-intense.</p>

<p>Vert intense a été crée en 1996 par Laurence et Eric, tous deux passionnés de sports de montagne. Depuis sa création, Vert-Intense propose de découvrir l&#8217;archipel de la Guadeloupe en pratiquant les activités de pleine nature. Très rapidement d&#8217;autres accompagnateurs en montagne les ont rejoint dans cette aventure, Teddy, Xavier&nbsp;présents depuis les début sont aujourd’hui [&hellip;]</p>

<!-- This site is optimized with the Yoast SEO Premium plugin v25.3.1 (Yoast SEO v25.3.1) - https://yoast.com/wordpress/plugins/seo/ -->
<title>Qui sommes nous ? - Vert Intense</title>
<meta name="robots" content="index, follow, max-snippet:-1, max-image-preview:large, max-video-preview:-1" />
<link rel="canonical" href="https://www.vert-intense.com/fr/qui-sommes-nous/" />
<meta property="og:locale" content="fr_FR" />
<meta property="og:type" content="article" />
<meta property="og:title" content="Qui sommes nous ?" />
<meta property="og:description" content="Vert intense a été crée en 1996 par Laurence et Eric, tous deux passionnés de sports de montagne. Depuis sa création, Vert-Intense propose de découvrir l&#8217;archipel de la Guadeloupe en pratiquant les activités de pleine nature. Très rapidement d&#8217;autres accompagnateurs en montagne les ont rejoint dans cette aventure, Teddy, Xavier&nbsp;présents depuis les début sont aujourd’hui [&hellip;]" />
<meta property="og:url" content="https://www.vert-intense.com/fr/qui-sommes-nous/" />
<meta property="og:site_name" content="Vert Intense" />
<meta property="article:publisher" content="https://www.facebook.com/vertintense" />
<meta property="article:modified_time" content="2023-08-17T12:10:58+00:00" />
<meta property="og:image" content="https://i0.wp.com/www.vert-intense.com/wp-content/uploads/2024/07/home.png?fit=1358%2C735&ssl=1" />
	<meta property="og:image:width" content="1358" />
	<meta property="og:image:height" content="735" />
	<meta property="og:image:type" content="image/png" />
<meta name="twitter:card" content="summary_large_image" />
<meta name="twitter:label1" content="Durée de lecture estimée" />
	<meta name="twitter:data1" content="1 minute" />
<script type="application/ld+json" class="yoast-schema-graph">{"@context":"https://schema.org","@graph":[{"@type":"WebPage","@id":"https://www.vert-intense.com/qui-sommes-nous/","url":"https://www.vert-intense.com/qui-sommes-nous/","name":"Qui sommes nous ? - Vert Intense","isPartOf":{"@id":"https://www.vert-intense.com/#website"},"datePublished":"2023-08-16T08:18:00+00:00","dateModified":"2023-08-17T12:10:58+00:00","breadcrumb":{"@id":"https://www.vert-intense.com/qui-sommes-nous/#breadcrumb"},"inLanguage":"fr-FR","potentialAction":[{"@type":"ReadAction","target":["https://www.vert-intense.com/qui-sommes-nous/"]}]},{"@type":"BreadcrumbList","@id":"https://www.vert-intense.com/qui-sommes-nous/#breadcrumb","itemListElement":[{"@type":"ListItem","position":1,"name":"Accueil","item":"https://www.vert-intense.com/"},{"@type":"ListItem","position":2,"name":"Qui sommes nous ?"}]},{"@type":"WebSite","@id":"https://www.vert-intense.com/#website","url":"https://www.vert-intense.com/","name":"Vert-Intense","description":"Réservez vos activités découvertes en Guadeloupe","publisher":{"@id":"https://www.vert-intense.com/#organization"},"potentialAction":[{"@type":"SearchAction","target":{"@type":"EntryPoint","urlTemplate":"https://www.vert-intense.com/?s={search_term_string}"},"query-input":{"@type":"PropertyValueSpecification","valueRequired":true,"valueName":"search_term_string"}}],"inLanguage":"fr-FR"},{"@type":"Organization","@id":"https://www.vert-intense.com/#organization","name":"Vert-Intense","url":"https://www.vert-intense.com/","logo":{"@type":"ImageObject","inLanguage":"fr-FR","@id":"https://www.vert-intense.com/#/schema/logo/image/","url":"https://i0.wp.com/www.vert-intense.com/wp-content/uploads/2023/07/logo.png?fit=960%2C960&ssl=1","contentUrl":"https://i0.wp.com/www.vert-intense.com/wp-content/uploads/2023/07/logo.png?fit=960%2C960&ssl=1","width":960,"height":960,"caption":"Vert-Intense"},"image":{"@id":"https://www.vert-intense.com/#/schema/logo/image/"},"sameAs":["https://www.facebook.com/vertintense","https://www.tripadvisor.fr/Attraction_Review-g1644623-d1649481-Reviews-Vert_Intense-Saint_Claude_Basse_Terre_Island_Guadeloupe.html","https://www.tiktok.com/@vertintense","https://www.instagram.com/vertintenseguadeloupe/","https://www.youtube.com/channel/UCRymXR1Pa7n50AOgFy9n3bA"]}]}</script>
<!-- / Yoast SEO Premium plugin. -->

Vert intense a été crée en 1996 par Laurence et Eric, tous deux passionnés de sports de montagne. Depuis sa création, Vert-Intense propose de découvrir l&#8217;archipel de la Guadeloupe en pratiquant les activités de pleine nature. Très rapidement d&#8217;autres accompagnateurs en montagne les ont rejoint dans cette aventure, Teddy, Xavier&nbsp;présents depuis les début sont aujourd’hui [&hellip;]

Réservez vos activités découvertes en Guadeloupe
