{"id":9945,"date":"2025-02-24T09:25:18","date_gmt":"2025-02-24T13:25:18","guid":{"rendered":"https:\/\/www.vert-intense.com\/?post_type=product&#038;p=9945"},"modified":"2025-03-01T11:11:09","modified_gmt":"2025-03-01T15:11:09","slug":"die-grunen-bananen-schalen","status":"publish","type":"product","link":"https:\/\/www.vert-intense.com\/de\/aktivitat-guadeloupe\/shop\/die-grunen-bananen-schalen\/","title":{"rendered":"Par\u00e9o die Gr\u00fcnen Bananen"},"content":{"rendered":"<p>Par\u00e9o Gr\u00fcne Bananen Taino<\/p>\n<p>Ideal f\u00fcr Ihre Ausfl\u00fcge zum Strand.<\/p>\n<p>Die Pareos k\u00f6nnen vor Ort w\u00e4hrend Ihres Aufenthalts in den Bananes Vertes oder bei Ihrem Reiseleiter w\u00e4hrend einer der Aktivit\u00e4ten abgeholt werden Vert-Intense.<\/p>","protected":false},"excerpt":{"rendered":"<p>Sarong La Banane Verte Guadeloupe Design von Ta\u00efnos<\/p>","protected":false},"featured_media":10095,"template":"","meta":[],"product_cat":[141],"product_tag":[],"class_list":{"0":"post-9945","1":"product","2":"type-product","3":"status-publish","4":"has-post-thumbnail","6":"product_cat-boutique","8":"first","9":"instock","10":"virtual","11":"taxable","12":"purchasable","13":"product-type-simple"},"yoast_head":"<!-- This site is optimized with the Yoast SEO Premium plugin v25.3.1 (Yoast SEO v25.3.1) - https:\/\/yoast.com\/wordpress\/plugins\/seo\/ -->\n<title>Par\u00e9o fait main les bananes vertes - Vert Intense<\/title>\n<meta name=\"description\" content=\"pour vos sorties plage a utiliser comme drap de bains ou v\u00eatement\" \/>\n<meta name=\"robots\" content=\"index, follow, max-snippet:-1, max-image-preview:large, max-video-preview:-1\" \/>\n<link rel=\"canonical\" href=\"https:\/\/www.vert-intense.com\/de\/aktivitat-guadeloupe\/shop\/die-grunen-bananen-schalen\/\" \/>\n<meta property=\"og:locale\" content=\"de_DE\" \/>\n<meta property=\"og:type\" content=\"article\" \/>\n<meta property=\"og:title\" content=\"Par\u00e9o pour vos sorties plage\" \/>\n<meta property=\"og:description\" content=\"Restez au sec pendant vos randonn\u00e9es avec notre sac \u00e9tanche avec bretelles pour vos randonn\u00e9es. Optez pour le confort et la protection d\u00e8s maintenant!\" \/>\n<meta property=\"og:url\" content=\"https:\/\/www.vert-intense.com\/de\/aktivitat-guadeloupe\/shop\/die-grunen-bananen-schalen\/\" \/>\n<meta property=\"og:site_name\" content=\"Vert Intense\" \/>\n<meta property=\"article:publisher\" content=\"https:\/\/www.facebook.com\/vertintense\" \/>\n<meta property=\"article:modified_time\" content=\"2025-03-01T15:11:09+00:00\" \/>\n<meta property=\"og:image\" content=\"https:\/\/www.vert-intense.com\/wp-content\/uploads\/2025\/02\/pareo.jpg\" \/>\n\t<meta property=\"og:image:width\" content=\"900\" \/>\n\t<meta property=\"og:image:height\" content=\"737\" \/>\n\t<meta property=\"og:image:type\" content=\"image\/jpeg\" \/>\n<meta name=\"twitter:card\" content=\"summary_large_image\" \/>\n<meta name=\"twitter:title\" content=\"Par\u00e9o les Bananes Vertes\" \/>\n<meta name=\"twitter:label1\" content=\"Preis\" \/>\n\t<meta name=\"twitter:data1\" content=\"30&euro;\" \/>\n\t<meta name=\"twitter:label2\" content=\"Verf\u00fcgbarkeit\" \/>\n\t<meta name=\"twitter:data2\" content=\"Auf Lager\" \/>\n<script type=\"application\/ld+json\" class=\"yoast-schema-graph\">{\"@context\":\"https:\/\/schema.org\",\"@graph\":[{\"@type\":\"WebPage\",\"@id\":\"https:\/\/www.vert-intense.com\/activite-guadeloupe\/boutique\/pareo-les-bananes-vertes\/\",\"url\":\"https:\/\/www.vert-intense.com\/activite-guadeloupe\/boutique\/pareo-les-bananes-vertes\/\",\"name\":\"Par\u00e9o fait main les bananes vertes - Vert Intense\",\"isPartOf\":{\"@id\":\"https:\/\/www.vert-intense.com\/#website\"},\"primaryImageOfPage\":{\"@id\":\"https:\/\/www.vert-intense.com\/activite-guadeloupe\/boutique\/pareo-les-bananes-vertes\/#primaryimage\"},\"image\":{\"@id\":\"https:\/\/www.vert-intense.com\/activite-guadeloupe\/boutique\/pareo-les-bananes-vertes\/#primaryimage\"},\"thumbnailUrl\":\"https:\/\/i0.wp.com\/www.vert-intense.com\/wp-content\/uploads\/2025\/02\/pareo.jpg?fit=900%2C737&ssl=1\",\"datePublished\":\"2025-02-24T13:25:18+00:00\",\"dateModified\":\"2025-03-01T15:11:09+00:00\",\"description\":\"pour vos sorties plage a utiliser comme drap de bains ou v\u00eatement\",\"breadcrumb\":{\"@id\":\"https:\/\/www.vert-intense.com\/activite-guadeloupe\/boutique\/pareo-les-bananes-vertes\/#breadcrumb\"},\"inLanguage\":\"de\",\"potentialAction\":[{\"@type\":\"ReadAction\",\"target\":[\"https:\/\/www.vert-intense.com\/activite-guadeloupe\/boutique\/pareo-les-bananes-vertes\/\"]}]},{\"@type\":\"ImageObject\",\"inLanguage\":\"de\",\"@id\":\"https:\/\/www.vert-intense.com\/activite-guadeloupe\/boutique\/pareo-les-bananes-vertes\/#primaryimage\",\"url\":\"https:\/\/i0.wp.com\/www.vert-intense.com\/wp-content\/uploads\/2025\/02\/pareo.jpg?fit=900%2C737&ssl=1\",\"contentUrl\":\"https:\/\/i0.wp.com\/www.vert-intense.com\/wp-content\/uploads\/2025\/02\/pareo.jpg?fit=900%2C737&ssl=1\",\"width\":900,\"height\":737},{\"@type\":\"BreadcrumbList\",\"@id\":\"https:\/\/www.vert-intense.com\/activite-guadeloupe\/boutique\/pareo-les-bananes-vertes\/#breadcrumb\",\"itemListElement\":[{\"@type\":\"ListItem\",\"position\":1,\"name\":\"Accueil\",\"item\":\"https:\/\/www.vert-intense.com\/\"},{\"@type\":\"ListItem\",\"position\":2,\"name\":\"Activit\u00e9s nature en Guadeloupe\",\"item\":\"https:\/\/www.vert-intense.com\/\"},{\"@type\":\"ListItem\",\"position\":3,\"name\":\"Par\u00e9o les Bananes Vertes\"}]},{\"@type\":\"WebSite\",\"@id\":\"https:\/\/www.vert-intense.com\/#website\",\"url\":\"https:\/\/www.vert-intense.com\/\",\"name\":\"Vert-Intense\",\"description\":\"R\u00e9servez vos activit\u00e9s d\u00e9couvertes en Guadeloupe\",\"publisher\":{\"@id\":\"https:\/\/www.vert-intense.com\/#organization\"},\"potentialAction\":[{\"@type\":\"SearchAction\",\"target\":{\"@type\":\"EntryPoint\",\"urlTemplate\":\"https:\/\/www.vert-intense.com\/?s={search_term_string}\"},\"query-input\":{\"@type\":\"PropertyValueSpecification\",\"valueRequired\":true,\"valueName\":\"search_term_string\"}}],\"inLanguage\":\"de\"},{\"@type\":\"Organization\",\"@id\":\"https:\/\/www.vert-intense.com\/#organization\",\"name\":\"Vert-Intense\",\"url\":\"https:\/\/www.vert-intense.com\/\",\"logo\":{\"@type\":\"ImageObject\",\"inLanguage\":\"de\",\"@id\":\"https:\/\/www.vert-intense.com\/#\/schema\/logo\/image\/\",\"url\":\"https:\/\/i0.wp.com\/www.vert-intense.com\/wp-content\/uploads\/2023\/07\/logo.png?fit=960%2C960&ssl=1\",\"contentUrl\":\"https:\/\/i0.wp.com\/www.vert-intense.com\/wp-content\/uploads\/2023\/07\/logo.png?fit=960%2C960&ssl=1\",\"width\":960,\"height\":960,\"caption\":\"Vert-Intense\"},\"image\":{\"@id\":\"https:\/\/www.vert-intense.com\/#\/schema\/logo\/image\/\"},\"sameAs\":[\"https:\/\/www.facebook.com\/vertintense\",\"https:\/\/www.tripadvisor.fr\/Attraction_Review-g1644623-d1649481-Reviews-Vert_Intense-Saint_Claude_Basse_Terre_Island_Guadeloupe.html\",\"https:\/\/www.tiktok.com\/@vertintense\",\"https:\/\/www.instagram.com\/vertintenseguadeloupe\/\",\"https:\/\/www.youtube.com\/channel\/UCRymXR1Pa7n50AOgFy9n3bA\"]}]}<\/script>\n<meta property=\"product:price:amount\" content=\"30\" \/>\n<meta property=\"product:price:currency\" content=\"EUR\" \/>\n<meta property=\"og:availability\" content=\"instock\" \/>\n<meta property=\"product:availability\" content=\"instock\" \/>\n<meta property=\"product:condition\" content=\"new\" \/>\n<!-- \/ Yoast SEO Premium plugin. -->","yoast_head_json":{"title":"Handgemachtes Sarong Gr\u00fcnen Bananen - Intensiv Gr\u00fcn","description":"F\u00fcr Ihre Strandausfl\u00fcge als Strandtuch oder Bekleidung","robots":{"index":"index","follow":"follow","max-snippet":"max-snippet:-1","max-image-preview":"max-image-preview:large","max-video-preview":"max-video-preview:-1"},"canonical":"https:\/\/www.vert-intense.com\/de\/aktivitat-guadeloupe\/shop\/die-grunen-bananen-schalen\/","og_locale":"de_DE","og_type":"article","og_title":"Par\u00e9o pour vos sorties plage","og_description":"Restez au sec pendant vos randonn\u00e9es avec notre sac \u00e9tanche avec bretelles pour vos randonn\u00e9es. Optez pour le confort et la protection d\u00e8s maintenant!","og_url":"https:\/\/www.vert-intense.com\/de\/aktivitat-guadeloupe\/shop\/die-grunen-bananen-schalen\/","og_site_name":"Vert Intense","article_publisher":"https:\/\/www.facebook.com\/vertintense","article_modified_time":"2025-03-01T15:11:09+00:00","og_image":[{"width":900,"height":737,"url":"https:\/\/www.vert-intense.com\/wp-content\/uploads\/2025\/02\/pareo.jpg","type":"image\/jpeg"}],"twitter_card":"summary_large_image","twitter_title":"Par\u00e9o les Bananes Vertes","twitter_misc":{"Preis":"30&euro;","Verf\u00fcgbarkeit":"Auf Lager"},"schema":{"@context":"https:\/\/schema.org","@graph":[{"@type":"WebPage","@id":"https:\/\/www.vert-intense.com\/activite-guadeloupe\/boutique\/pareo-les-bananes-vertes\/","url":"https:\/\/www.vert-intense.com\/activite-guadeloupe\/boutique\/pareo-les-bananes-vertes\/","name":"Handgemachtes Sarong Gr\u00fcnen Bananen - Intensiv Gr\u00fcn","isPartOf":{"@id":"https:\/\/www.vert-intense.com\/#website"},"primaryImageOfPage":{"@id":"https:\/\/www.vert-intense.com\/activite-guadeloupe\/boutique\/pareo-les-bananes-vertes\/#primaryimage"},"image":{"@id":"https:\/\/www.vert-intense.com\/activite-guadeloupe\/boutique\/pareo-les-bananes-vertes\/#primaryimage"},"thumbnailUrl":"https:\/\/i0.wp.com\/www.vert-intense.com\/wp-content\/uploads\/2025\/02\/pareo.jpg?fit=900%2C737&ssl=1","datePublished":"2025-02-24T13:25:18+00:00","dateModified":"2025-03-01T15:11:09+00:00","description":"F\u00fcr Ihre Strandausfl\u00fcge als Strandtuch oder Bekleidung","breadcrumb":{"@id":"https:\/\/www.vert-intense.com\/activite-guadeloupe\/boutique\/pareo-les-bananes-vertes\/#breadcrumb"},"inLanguage":"de","potentialAction":[{"@type":"ReadAction","target":["https:\/\/www.vert-intense.com\/activite-guadeloupe\/boutique\/pareo-les-bananes-vertes\/"]}]},{"@type":"ImageObject","inLanguage":"de","@id":"https:\/\/www.vert-intense.com\/activite-guadeloupe\/boutique\/pareo-les-bananes-vertes\/#primaryimage","url":"https:\/\/i0.wp.com\/www.vert-intense.com\/wp-content\/uploads\/2025\/02\/pareo.jpg?fit=900%2C737&ssl=1","contentUrl":"https:\/\/i0.wp.com\/www.vert-intense.com\/wp-content\/uploads\/2025\/02\/pareo.jpg?fit=900%2C737&ssl=1","width":900,"height":737},{"@type":"BreadcrumbList","@id":"https:\/\/www.vert-intense.com\/activite-guadeloupe\/boutique\/pareo-les-bananes-vertes\/#breadcrumb","itemListElement":[{"@type":"ListItem","position":1,"name":"Accueil","item":"https:\/\/www.vert-intense.com\/"},{"@type":"ListItem","position":2,"name":"Activit\u00e9s nature en Guadeloupe","item":"https:\/\/www.vert-intense.com\/"},{"@type":"ListItem","position":3,"name":"Par\u00e9o les Bananes Vertes"}]},{"@type":"WebSite","@id":"https:\/\/www.vert-intense.com\/#website","url":"https:\/\/www.vert-intense.com\/","name":"Gr\u00fcn-Intensiv","description":"Buchen Sie Ihre Entdeckungsreisen in Guadeloupe","publisher":{"@id":"https:\/\/www.vert-intense.com\/#organization"},"potentialAction":[{"@type":"SearchAction","target":{"@type":"EntryPoint","urlTemplate":"https:\/\/www.vert-intense.com\/?s={search_term_string}"},"query-input":{"@type":"PropertyValueSpecification","valueRequired":true,"valueName":"search_term_string"}}],"inLanguage":"de"},{"@type":"Organization","@id":"https:\/\/www.vert-intense.com\/#organization","name":"Gr\u00fcn-Intensiv","url":"https:\/\/www.vert-intense.com\/","logo":{"@type":"ImageObject","inLanguage":"de","@id":"https:\/\/www.vert-intense.com\/#\/schema\/logo\/image\/","url":"https:\/\/i0.wp.com\/www.vert-intense.com\/wp-content\/uploads\/2023\/07\/logo.png?fit=960%2C960&ssl=1","contentUrl":"https:\/\/i0.wp.com\/www.vert-intense.com\/wp-content\/uploads\/2023\/07\/logo.png?fit=960%2C960&ssl=1","width":960,"height":960,"caption":"Vert-Intense"},"image":{"@id":"https:\/\/www.vert-intense.com\/#\/schema\/logo\/image\/"},"sameAs":["https:\/\/www.facebook.com\/vertintense","https:\/\/www.tripadvisor.fr\/Attraction_Review-g1644623-d1649481-Reviews-Vert_Intense-Saint_Claude_Basse_Terre_Island_Guadeloupe.html","https:\/\/www.tiktok.com\/@vertintense","https:\/\/www.instagram.com\/vertintenseguadeloupe\/","https:\/\/www.youtube.com\/channel\/UCRymXR1Pa7n50AOgFy9n3bA"]}]},"product_price_amount":"30","product_price_currency":"EUR","og_availability":"instock","product_availability":"instock","product_condition":"new"},"jetpack_sharing_enabled":true,"_links":{"self":[{"href":"https:\/\/www.vert-intense.com\/de\/wp-json\/wp\/v2\/product\/9945"}],"collection":[{"href":"https:\/\/www.vert-intense.com\/de\/wp-json\/wp\/v2\/product"}],"about":[{"href":"https:\/\/www.vert-intense.com\/de\/wp-json\/wp\/v2\/types\/product"}],"wp:featuredmedia":[{"embeddable":true,"href":"https:\/\/www.vert-intense.com\/de\/wp-json\/wp\/v2\/media\/10095"}],"wp:attachment":[{"href":"https:\/\/www.vert-intense.com\/de\/wp-json\/wp\/v2\/media?parent=9945"}],"wp:term":[{"taxonomy":"product_cat","embeddable":true,"href":"https:\/\/www.vert-intense.com\/de\/wp-json\/wp\/v2\/product_cat?post=9945"},{"taxonomy":"product_tag","embeddable":true,"href":"https:\/\/www.vert-intense.com\/de\/wp-json\/wp\/v2\/product_tag?post=9945"}],"curies":[{"name":"wp","href":"https:\/\/api.w.org\/{rel}","templated":true}]}}

Paréo die Grünen Bananen

<p>Paréo Grüne Bananen Taino</p>
<p>Ideal für Ihre Ausflüge zum Strand.</p>
<p>Die Pareos können vor Ort während Ihres Aufenthalts in den Bananes Vertes oder bei Ihrem Reiseleiter während einer der Aktivitäten abgeholt werden Vert-Intense.</p>

<p>Sarong La Banane Verte Guadeloupe Design von Taïnos</p>

<!-- This site is optimized with the Yoast SEO Premium plugin v25.3.1 (Yoast SEO v25.3.1) - https://yoast.com/wordpress/plugins/seo/ -->
<title>Paréo fait main les bananes vertes - Vert Intense</title>
<meta name="description" content="pour vos sorties plage a utiliser comme drap de bains ou vêtement" />
<meta name="robots" content="index, follow, max-snippet:-1, max-image-preview:large, max-video-preview:-1" />
<link rel="canonical" href="https://www.vert-intense.com/de/aktivitat-guadeloupe/shop/die-grunen-bananen-schalen/" />
<meta property="og:locale" content="de_DE" />
<meta property="og:type" content="article" />
<meta property="og:title" content="Paréo pour vos sorties plage" />
<meta property="og:description" content="Restez au sec pendant vos randonnées avec notre sac étanche avec bretelles pour vos randonnées. Optez pour le confort et la protection dès maintenant!" />
<meta property="og:url" content="https://www.vert-intense.com/de/aktivitat-guadeloupe/shop/die-grunen-bananen-schalen/" />
<meta property="og:site_name" content="Vert Intense" />
<meta property="article:publisher" content="https://www.facebook.com/vertintense" />
<meta property="article:modified_time" content="2025-03-01T15:11:09+00:00" />
<meta property="og:image" content="https://www.vert-intense.com/wp-content/uploads/2025/02/pareo.jpg" />
	<meta property="og:image:width" content="900" />
	<meta property="og:image:height" content="737" />
	<meta property="og:image:type" content="image/jpeg" />
<meta name="twitter:card" content="summary_large_image" />
<meta name="twitter:title" content="Paréo les Bananes Vertes" />
<meta name="twitter:label1" content="Preis" />
	<meta name="twitter:data1" content="30&euro;" />
	<meta name="twitter:label2" content="Verfügbarkeit" />
	<meta name="twitter:data2" content="Auf Lager" />
<script type="application/ld+json" class="yoast-schema-graph">{"@context":"https://schema.org","@graph":[{"@type":"WebPage","@id":"https://www.vert-intense.com/activite-guadeloupe/boutique/pareo-les-bananes-vertes/","url":"https://www.vert-intense.com/activite-guadeloupe/boutique/pareo-les-bananes-vertes/","name":"Paréo fait main les bananes vertes - Vert Intense","isPartOf":{"@id":"https://www.vert-intense.com/#website"},"primaryImageOfPage":{"@id":"https://www.vert-intense.com/activite-guadeloupe/boutique/pareo-les-bananes-vertes/#primaryimage"},"image":{"@id":"https://www.vert-intense.com/activite-guadeloupe/boutique/pareo-les-bananes-vertes/#primaryimage"},"thumbnailUrl":"https://i0.wp.com/www.vert-intense.com/wp-content/uploads/2025/02/pareo.jpg?fit=900%2C737&ssl=1","datePublished":"2025-02-24T13:25:18+00:00","dateModified":"2025-03-01T15:11:09+00:00","description":"pour vos sorties plage a utiliser comme drap de bains ou vêtement","breadcrumb":{"@id":"https://www.vert-intense.com/activite-guadeloupe/boutique/pareo-les-bananes-vertes/#breadcrumb"},"inLanguage":"de","potentialAction":[{"@type":"ReadAction","target":["https://www.vert-intense.com/activite-guadeloupe/boutique/pareo-les-bananes-vertes/"]}]},{"@type":"ImageObject","inLanguage":"de","@id":"https://www.vert-intense.com/activite-guadeloupe/boutique/pareo-les-bananes-vertes/#primaryimage","url":"https://i0.wp.com/www.vert-intense.com/wp-content/uploads/2025/02/pareo.jpg?fit=900%2C737&ssl=1","contentUrl":"https://i0.wp.com/www.vert-intense.com/wp-content/uploads/2025/02/pareo.jpg?fit=900%2C737&ssl=1","width":900,"height":737},{"@type":"BreadcrumbList","@id":"https://www.vert-intense.com/activite-guadeloupe/boutique/pareo-les-bananes-vertes/#breadcrumb","itemListElement":[{"@type":"ListItem","position":1,"name":"Accueil","item":"https://www.vert-intense.com/"},{"@type":"ListItem","position":2,"name":"Activités nature en Guadeloupe","item":"https://www.vert-intense.com/"},{"@type":"ListItem","position":3,"name":"Paréo les Bananes Vertes"}]},{"@type":"WebSite","@id":"https://www.vert-intense.com/#website","url":"https://www.vert-intense.com/","name":"Vert-Intense","description":"Réservez vos activités découvertes en Guadeloupe","publisher":{"@id":"https://www.vert-intense.com/#organization"},"potentialAction":[{"@type":"SearchAction","target":{"@type":"EntryPoint","urlTemplate":"https://www.vert-intense.com/?s={search_term_string}"},"query-input":{"@type":"PropertyValueSpecification","valueRequired":true,"valueName":"search_term_string"}}],"inLanguage":"de"},{"@type":"Organization","@id":"https://www.vert-intense.com/#organization","name":"Vert-Intense","url":"https://www.vert-intense.com/","logo":{"@type":"ImageObject","inLanguage":"de","@id":"https://www.vert-intense.com/#/schema/logo/image/","url":"https://i0.wp.com/www.vert-intense.com/wp-content/uploads/2023/07/logo.png?fit=960%2C960&ssl=1","contentUrl":"https://i0.wp.com/www.vert-intense.com/wp-content/uploads/2023/07/logo.png?fit=960%2C960&ssl=1","width":960,"height":960,"caption":"Vert-Intense"},"image":{"@id":"https://www.vert-intense.com/#/schema/logo/image/"},"sameAs":["https://www.facebook.com/vertintense","https://www.tripadvisor.fr/Attraction_Review-g1644623-d1649481-Reviews-Vert_Intense-Saint_Claude_Basse_Terre_Island_Guadeloupe.html","https://www.tiktok.com/@vertintense","https://www.instagram.com/vertintenseguadeloupe/","https://www.youtube.com/channel/UCRymXR1Pa7n50AOgFy9n3bA"]}]}</script>
<meta property="product:price:amount" content="30" />
<meta property="product:price:currency" content="EUR" />
<meta property="og:availability" content="instock" />
<meta property="product:availability" content="instock" />
<meta property="product:condition" content="new" />
<!-- / Yoast SEO Premium plugin. -->

Handgemachtes Sarong Grünen Bananen - Intensiv Grün

Für Ihre Strandausflüge als Strandtuch oder Bekleidung

Paréo pour vos sorties plage

Restez au sec pendant vos randonnées avec notre sac étanche avec bretelles pour vos randonnées. Optez pour le confort et la protection dès maintenant!

Paréo les Bananes Vertes

Activités nature en Guadeloupe

Grün-Intensiv
